et p = 4 - 1. Let m be 0 - (-9)/p - -5. Is ((-4)/6)/(m/(-2676)) a composite number?
False
Let v(w) = -3*w + 206. Let h(k) = k**3 - 4*k**2 + 2*k + 3. Let b be h(3). Suppose b = 6*g - 2*g. Is v(g) a prime number?
False
Let l = -50 + 47. Is 213 - (l - 5 - -4) prime?
False
Let p(b) = -2*b**2 + 13*b - 2. Let t(s) = s. Let k(r) = -p(r) - 4*t(r). Suppose -5*m + 33 + 12 = 0. Is k(m) composite?
False
Suppose 36*a - 215118 - 616734 = 0. Is a a composite number?
True
Let u(s) = s**2 + 9*s + 4. Let q be u(-8). Let f = -2 - q. Suppose -4*x + 2*w + 640 = 0, -f*x - 192 + 508 = -3*w. Is x composite?
True
Let c(a) = a - 2. Let x be c(6). Let v = x + 4. Is (-386)/(-2) - (v + -6) a prime number?
True
Suppose -5*d + 72 = -d. Is 366/d + (-4)/(-6) prime?
False
Let i be (-10)/45*(-27)/3. Suppose -s + 2 = 0, -10312 = -u - 3*u + i*s. Is u prime?
True
Let u = 908 + 1569. Is u composite?
False
Suppose 4*i = d + 19, 0 = -3*i + 3*d + 18 + 3. Suppose -i*o - 4*p = -804, -2*o - 6*p + 7*p = -396. Is o composite?
False
Let a(n) = 15*n**2 - 71*n + 25. Is a(-12) a composite number?
False
Suppose 0 = f - 2*y - 13, 3*f + 2*y = 29 - 6. Suppose -4*k = -27 - f. Let q(z) = z**2 + z - 3. Is q(k) a composite number?
True
Let r be ((-42)/10 + 1)/(6/30). Is (-3)/(-2) + (-6200)/r a composite number?
False
Let n(z) be the first derivative of -43*z**4/24 - 11*z**3/6 - 2*z**2 + 3. Let d(y) be the second derivative of n(y). Is d(-10) a prime number?
True
Let h be 2/12 - 23577/(-18). Let i = 2229 - h. Is i composite?
False
Let c(h) = 6*h + 13. Let v be c(0). Suppose -v*w = -11*w - 2510. Is w a prime number?
False
Let q = 13 + -9. Suppose -2*g + q*a = 18, 0*g + 29 = -5*g + 2*a. Let c = 26 - g. Is c prime?
True
Let c(m) = -31*m**2 - m + 1. Let f be c(1). Let l(j) = -23*j - 59. Let w be l(-17). Let y = f + w. Is y a prime number?
False
Let k(z) = -z - 1. Let u be k(-5). Suppose x + u*g = 5*g + 788, -5*x = -2*g - 3931. Is x a prime number?
False
Is (2 + 49988/(-5))/(146/(-365)) prime?
True
Let l(w) = w**2 + 5*w + 310. Is l(24) prime?
False
Let r be (80/(-25))/(2/4090). Let u = r - -11141. Is u a composite number?
False
Let m = 16 + -12. Suppose b + m*b - 4215 = 0. Let f = b - 517. Is f prime?
False
Let d(z) = z**2 + 47*z + 257. Is d(53) prime?
True
Suppose l + 3*l = 20. Suppose l*b - 12 = 2*b. Suppose 0 = x + b*u - 55, x = -3*x - 2*u + 276. Is x a prime number?
True
Let b(h) = -77*h**2 - 2*h + 7. Let z be b(3). Let u = 1383 + z. Is u composite?
False
Let r(s) = -425*s**2 + 2*s + 1. Let h be r(2). Suppose 3*m - 15 = 0, 3*m = 2*p + 2*m + 2041. Let y = p - h. Is y a composite number?
False
Let a(w) = -w - 37. Let y be a(6). Let o be 1 + (-1 - -2)*-18. Let v = o - y. Is v prime?
False
Let d(j) = j**2 + 13*j + 4. Let a be d(-13). Suppose -5*p - 85 = 2*l, -p - 77 = 2*p - a*l. Is (1 - p) + (0 - -1) a composite number?
True
Let h = -6 - -14. Let l = h + -6. Suppose 0 = 2*x + l*c - 122, 2*x + 2*x - 2*c = 220. Is x prime?
False
Is (-40)/(-22) + -2 + (-1979676)/(-396) prime?
True
Is 75*(-6)/45*-1047 + -4 composite?
True
Suppose 5*b - 112390 = 3*x, 121839 = 4*b - 3*x + 31930. Is b composite?
False
Let c(x) = 12*x**2 + 8*x + 29. Let z = -122 + 117. Is c(z) a prime number?
False
Let m(i) = i + 2. Let u be m(8). Suppose 0 = v - 4*t - t - 12, 4*t - u = -2*v. Let p(d) = -d**3 + 7*d**2 + 5*d + 3. Is p(v) composite?
True
Suppose -1012 = -19*v + 1819. Is v a prime number?
True
Let i = 16515 - 11774. Is i a prime number?
False
Let m = -1292 - 594. Let d = m - -2985. Is d a prime number?
False
Suppose -3*v = -4*o - 2014, 2006 = -7*o + 3*o - v. Let z = 1355 + o. Is z a composite number?
False
Let r be (-836)/(-77) + (-1)/(-7). Suppose 3*c = -o + 661, 6 - r = 5*c. Let k = -23 + o. Is k composite?
False
Let j = -17377 + 24498. Is j a prime number?
True
Suppose -2*b + 22 = 3*g, 4*b = -g - 4*g + 36. Suppose g*u - 8 = 4*u. Is (-1)/u*(-764)/2 composite?
False
Let d = -99 + 1657. Is d - (0 + -4) - 1 prime?
False
Suppose 3*i = 5*f - 50, -15 = -5*f - 0*i - 4*i. Let u(c) = 2*c**2 + 6*c + 5. Let n be u(f). Suppose -2*l + q = -151, 3*l - l = 3*q + n. Is l prime?
False
Let v = 1944 + -977. Is v composite?
False
Suppose -y - 3 = -2*c, -c - 4*c + y = -3. Suppose 4*b - 30 = -14. Is (c - 2) + 572/b a prime number?
False
Let h(j) = j**2 + 3*j + 2. Let g be h(-4). Let t(q) = 2*q**2 + 11. Is t(g) a prime number?
True
Let z(d) be the first derivative of 10*d**3 + 7*d**2/2 + 2*d - 8. Is z(-5) composite?
True
Suppose g + 26321 + 903 = 4*v, -2*g = 0. Let a = v - 4447. Is a prime?
False
Suppose 3*o - o + 4*w = -12, 4*w + 14 = -o. Suppose -11 = -2*m - o*f + 7*f, 4*m = f + 13. Suppose 0*t = -m*t + 279. Is t prime?
False
Let u = -22 - -18. Is 1/((-1953)/977 - (u + 2)) a prime number?
True
Let n be 11/(-13) + 6/(-39). Let c(t) = 4*t**2 + t + 1. Let r be c(n). Suppose -r*f + 6*u + 388 = u, -2*f = 4*u - 194. Is f a prime number?
True
Suppose 0 = 3*j - 17 - 1. Suppose j*o = -4*o + 4170. Is o composite?
True
Let t = 524 + -352. Suppose -2*s - 8*z + 4*z = -t, -4*s + 364 = 3*z. Is s a composite number?
True
Let b(w) = -w**2 + 3*w - 1. Let o be b(3). Suppose 5*r = -5*d + 720, 3*r - 4*d - 312 = r. Is ((-4)/4 - r)*o composite?
False
Is -1*(8 + -53*75) prime?
True
Let i = 19062 - -16189. Is i a prime number?
True
Is (-1 + 168290/4)/(15/30) a composite number?
False
Let j(h) = 252*h + 170. Is j(7) composite?
True
Let c = -21 - -24. Suppose c*r - 12 = -r. Suppose 3*a + 295 = -y + 3*y, -a - r = 0. Is y prime?
False
Suppose -33*s + 38*s = -2*a + 14921, 2*a + 2*s - 14912 = 0. Is a composite?
True
Suppose -3*s = -6*s + 54. Suppose -3*r = 3*i - 144, -5*i - s + 46 = r. Suppose -2*n + r = -13. Is n a composite number?
True
Let o = 26563 + -1344. Is o prime?
True
Let i be (-8)/(-14) - 390/21. Let j = i - -30. Suppose 4*x - 20 = 4*u, -x + 3*x = u + j. Is x a prime number?
True
Let a(s) = -3765*s**3 + 2*s**2 - 1. Let k be a(-1). Suppose -i - k = 2*l - 3*l, i = 4*l - 15070. Is (-2)/10 - l/(-15) a composite number?
False
Suppose 5*c - 570 = -0*c. Suppose -2*a - a + c = 0. Let y = -12 + a. Is y a composite number?
True
Let u be ((-2)/(-11))/(14/231). Let m(y) = 103*y - 27*y - 3 + 10. Is m(u) composite?
True
Let i be (-3)/(-8) - (-175)/(-40). Is ((-6)/i)/((-24)/(-1072)) prime?
True
Let n(r) = -r**2 + 9*r - 5. Let y be n(6). Let o = y - 11. Is -3 + 1 + 70/o a composite number?
True
Let j(u) = 53*u + 5. Let z(v) be the third derivative of -13*v**4/6 - 5*v**3/6 + 3*v**2. Let n(y) = -6*j(y) - 7*z(y). Is n(12) composite?
False
Let f(w) = -3246*w + 5. Is f(-3) a prime number?
True
Let r(l) = -l**3 - 6*l**2 - 5*l + 5. Let y be r(-5). Suppose 492 - 57 = y*j. Is j a prime number?
False
Suppose 14*s = 18*s - 3132. Let u = -410 + s. Is u a prime number?
True
Let u(k) = 545*k**2 + 5*k - 26. Is u(4) a prime number?
False
Let p be (-2 - -2)/((-3)/1). Suppose -3*y + 126 - 33 = p. Is y prime?
True
Let t(o) = 5*o - 5. Let b be t(3). Suppose b*s = 13*s - 867. Is s composite?
True
Let x = -68 - -70. Suppose 0*h - x*i - 195 = -3*h, h - 64 = i. Is h prime?
True
Let t(v) = 3*v**2 - v + 1. Let u be t(1). Suppose 2*l - 474 = -l + n, u*n = -5*l + 776. Is l a prime number?
True
Let l(s) = -150*s - 167. Is l(-24) prime?
True
Let m = -13 + 18. Suppose 5*s - 3*t - 2*t - 3890 = 0, 0 = -4*s + m*t + 3114. Suppose 68 + s = 4*l. Is l composite?
False
Suppose -2*q + 24 = -4*q. Let t = q - -17. Suppose 5*b = b - d + 3555, t*b - 4*d - 4449 = 0. Is b a prime number?
False
Let f(u) = -4*u**2 - 23*u + 7. Let a be f(-6). Is -1 - (-253 + (-1 - a)) a prime number?
False
Let x = 6896 - -13389. Is x prime?
False
Let f(r) = r - 29. Let w be f(0). Let t = w - -122. Let h = 182 - t. Is h prime?
True
Suppose 11 = 3*r - 5*f - 5, 2 = 2*r + f. Let q(n) = 45*n + 1. Let z(h) = 23*h + 1. Let b(t) = 4*q(t) - 7*z(t). Is b(r) a prime number?
False
Let x = -849 + 601. Let b = x - -450. Is b a prime number?
False
Suppose 499 = 12*b - 77. Suppose 52*v - 2292 = b*v. Is v a prime number?
False
Suppose 0 = 26*d - 33*d + 22897. Is d prime?
True
Suppose 0 = 5*o + q + 6334, -2*o + 0*o + 4*q = 2538. Let z = o + 2510. Is z composite?
True
Suppose 33*v - 34*v + 5*s = -1241, 0 = 4*v + s - 4922. Is v a prime number?
True
Let l(f) = -3*f**2 + 7 - 19 - 6*f**2 + 7*f + 4*f + f**3. Is l(9) prime?
False
Let l be 0/1*(5 + -4). Suppose l = v - 3*v 